2798 = -3*r - 395. What are the prime factors of x?
2, 17, 47
Let s be (651/(-372))/(0 - (-2)/(-16)). Suppose -3*f = -3*c - 27, -3*f - s*c + 48 = -10*c. What are the prime factors of f?
2, 3
Let j = -136 - -233. Let r be j + (0 - (0 + 2)). Suppose 4*g - 149 - r = 0. What are the prime factors of g?
61
Suppose 59 = -3*g + 4*g. Let v(y) = -y + 61 + 2*y**2 + 0*y - g. List the prime factors of v(5).
47
Suppose -3*s + 568 = -s. Let l = -172 + s. What are the prime factors of l?
2, 7
Let n be (1 - -1) + (120/(-4))/5. Let k be (-86)/n + 30/20. Let z = 90 - k. What are the prime factors of z?
67
Let t = 78 - 64. Let s be (-412)/84*-3 - (-4)/t. Suppose 0 = s*p - 10*p - 325. What are the prime factors of p?
5, 13
Let s be (-8)/(-4 - 100/(-26)). Suppose -1813 = -59*n + s*n. List the prime factors of n.
7, 37
Let c = -120 - -124. Suppose 4*b + 2024 = 4*y, -1042 = 4*y - 6*y - c*b. What are the prime factors of y?
7, 73
Let x be (-11528)/(-48) + (-15)/90. Let p(f) = -f**3 - 8*f**2 - 9*f - 6. Let k be p(-7). Suppose -x = k*o - 14*o. What are the prime factors of o?
2, 5
Suppose 11*x = 2*x + 369. Suppose -9*m + 13 = -x. Suppose 7*k + q = m*k + 99, k = q + 109. What are the prime factors of k?
2, 13
Let q(j) = -3*j + 44. Let s(h) = 1. Let r(b) = q(b) + 6*s(b). Let p be r(13). Suppose p*d = 2*d + 900. List the prime factors of d.
2, 5
Let g(m) = -131*m + 7011. List the prime factors of g(-30).
3, 7, 521
Let d(f) = 24*f**2 + 32*f + 177. Let p(g) = -46*g**2 - 65*g - 355. Let u(w) = -7*d(w) - 4*p(w). What are the prime factors of u(-7)?
23, 31
What are the prime factors of 10429 - (21/(-15))/((-2)/(-10))?
2, 2609
Let g(t) = 196*t**2 + 56*t + 28. List the prime factors of g(-11).
2, 7, 59
Let u = -566 + 3026. List the prime factors of u.
2, 3, 5, 41
Let i be (((-664)/(-6))/2)/((-4)/(-114)). Let g = i + -954. Suppose 6*u + u = g. What are the prime factors of u?
89
Let t be (-24)/(-10) - 14/35. Let n be 680/(-110) + t/11. Let q(x) = -6*x + 5. What are the prime factors of q(n)?
41
Suppose 11*m + 563 + 669 = 0. Let v = m + 116. List the prime factors of (237/3)/(2/v).
2, 79
Suppose 18*m + 8682 = -19*m + 28884. What are the prime factors of m?
2, 3, 7, 13
List the prime factors of 1212621/63 + 79/1659.
2, 3, 401
Let w = 179 + -802. Let g = -420 - w. Suppose 2*t = -3*z + g, -z - 4*z - 276 = -3*t. List the prime factors of t.
97
Let o = 99930 - 54842. What are the prime factors of o?
2, 1409
Let g be (-4)/(-1) + (-16184)/((-44)/11). Suppose 5*b + 5*f = g, -2*f - 3*f + 20 = 0. List the prime factors of b.
2, 13, 31
Let b be 9/(-7)*14/(-6). Suppose o = -2*j + 1365, -1778 - 2345 = -b*o + j. List the prime factors of o.
1373
Let c(p) = 41*p + 33. Let t be c(-3). Let x = -69 - t. List the prime factors of x.
3, 7
Let m = -100 - -102. Suppose -3*p - n + 1219 = 0, 4*n + 300 + 536 = m*p. What are the prime factors of p?
2, 3, 17
Let f(a) = a**3 + a**2 + 15. Let k(o) = -2*o**3 - 3*o**2 + o - 31. Let n(c) = -13*f(c) - 6*k(c). What are the prime factors of n(-5)?
271
Suppose -z = 4*z - 3*g - 268, 2*g + 2 = 0. Let x = 159 - z. What are the prime factors of x?
2, 53
Let k = 8 + 9. Suppose 15*u + 10 = k*u. What are the prime factors of 6/2*(20 - (0 - u))?
3, 5
Suppose 3*v = k + 5*v + 6, -2*v - 12 = -2*k. Suppose -q + k*s + 1056 = 4*q, -2*q + 416 = -4*s. What are the prime factors of q?
2, 53
Suppose d - 3492 = -4*d + 2*w, 2118 = 3*d - 5*w. What are the prime factors of d?
2, 3, 29
Let z(v) = -2*v + 20. Let b be z(5). Let n be (-76)/((-2)/b + (-2)/(-60)). Suppose 15*k - 12*k = n. What are the prime factors of k?
2, 19
Let c = -20 - -56. Let l be (11/3)/((-3)/c). Let s = -24 - l. What are the prime factors of s?
2, 5
Let y = 452 + -452. Suppose y = -3*a + 1899 + 906. List the prime factors of a.
5, 11, 17
Let y = -321 - -205. Let f = y + 0. Let p = 175 + f. List the prime factors of p.
59
Let s be (70/25)/(3/7290*9). Suppose 3*r = 4*r + 517. Let y = r + s. List the prime factors of y.
239
Let r(k) = -k**2 + 7*k. Let c be r(7). Let p be (20/25)/((-6)/(-135)). What are the prime factors of (-12)/(-18)*(c + p)?
2, 3
Suppose -7*l = -13 - 1. Suppose 3 = q + l*q, -a - 47 = -q. Let f = a + 51. List the prime factors of f.
5
Let z(p) = 4*p**2 + 12*p + 408. List the prime factors of z(39).
2, 3, 5, 29
Suppose -34*z + 130*z = 679355 - 125435. List the prime factors of z.
2, 5, 577
List the prime factors of (-4 + (21369 - -1))*4/12.
2, 3, 1187
Let k be (2/(-8)*2)/(11/(-110)). Suppose -o + o + k*o = 0. Suppose -14*b - 814 + 2564 = o. List the prime factors of b.
5
Let t(i) = i**3 - 2*i**2 - 4*i + 27. Let o(u) = u**3 - 3*u**2 - 4*u + 27. Let c(z) = -6*o(z) + 7*t(z). What are the prime factors of c(6)?
3, 11
Suppose -v = -2*i + 10, -4*v - 4*i + i = 84. Let h be 441 - v - (-2*1 - -3). Let k = -266 + h. List the prime factors of k.
2, 3
Let l(g) = g**3 + 10*g**2 + 15*g + 19. Let u be l(-8). Let p = -24 + u. Suppose p*q = 3*f - 285, 3*q - 5*q = -f + 95. What are the prime factors of f?
5, 19
What are the prime factors of (-424627)/(-63) + (-190)/171?
23, 293
Suppose -24*a = -4*l - 21*a + 2942, -4*a + 1482 = 2*l. Let b = l + -500. List the prime factors of b.
3, 79
Suppose 9500 = 5*g + 5*o, 5*o + 5802 = 5*g - 3718. What are the prime factors of g?
2, 3, 317
Let y = -34855 - -62853. List the prime factors of y.
2, 13999
Let m(c) = 54*c + 249. Let o be m(-4). Suppose 36*p - 381 = o*p. List the prime factors of p.
127
Let y be 2/4*(9 - (0 + 3)). Suppose -3*w + 5*b = 60, y*w + 38 = w + 4*b. Let t = 54 + w. List the prime factors of t.
29
What are the prime factors of 29580 + -8 - (-4)/8*28/(-2)?
3, 5, 73
Let m = 5219 + -3507. Suppose 10*r - 6438 = m. List the prime factors of r.
5, 163
Let m = 82686 - 52884. List the prime factors of m.
2, 3, 4967
Suppose -38*o + 21*o = 16*o - 843876. List the prime factors of o.
2, 3, 2131
Let n(d) = 3*d**3 + 13*d**2 - 58*d + 75. What are the prime factors of n(14)?
11, 83
Suppose 2*c - y = 168080, 61*c = 63*c - 4*y - 168056. List the prime factors of c.
2, 21011
Suppose -390 = -2*s + 3*j, s + 0*j - 4*j = 205. Let l = s - -14. What are the prime factors of l?
7, 29
Let n = -70 + 90. Suppose n*m - 12 = 16*m. Suppose -2*l + 2*b = -0*l - 212, -5*l + 490 = m*b. What are the prime factors of l?
101
Let r(l) be the second derivative of -l**4/12 - l**3/3 + 60*l**2 - 104*l. What are the prime factors of r(0)?
2, 3, 5
Let f = -795 + 799. Let l(a) = 9*a**3 + 7*a**2 - 20*a - 13. List the prime factors of l(f).
5, 7, 17
Let u be (-4624)/(-7) + 84/(-147). Let a(o) = -o**3 - 2*o**2 - o - 2. Let f be a(-2). Suppose f = y + 4*y - u. List the prime factors of y.
2, 3, 11
Let d(u) = -u**3 + 78*u**2 - 13*u - 206. List the prime factors of d(17).
2, 3, 47, 61
Let b = -342 + 1037. Let z = b - -367. List the prime factors of z.
2, 3, 59
Let c(v) = 10090*v + 944. What are the prime factors of c(2)?
2, 5281
Let o = 280 - 324. What are the prime factors of -1 + o/(-40)*18*10?
197
Suppose 16*v - 42*v = 47970. Let n = v + 2975. What are the prime factors of n?
2, 5, 113
Suppose -v - 23*g + 21*g = -280, -g - 1075 = -4*v. Suppose -v*o = -296*o + 3796. List the prime factors of o.
2, 73
Let m(g) = 8036*g - 900. List the prime factors of m(3).
2, 3, 967
Let z be ((-49)/(-2))/(((-78)/72)/(-13)). Let q = z - -60. Let n = q + -227. What are the prime factors of n?
127
Let v = 27 + -20. Suppose -v*h + 46 = 11. Suppose 0 = 4*w + w - 25, -2*w = h*a - 550. List the prime factors of a.
2, 3
Let x(b) = -101*b**3 + 7*b**2 + 22*b + 146. What are the prime factors of x(-7)?
2, 17489
Let j = -1471 - -8595. List the prime factors of j.
2, 13, 137
Suppose -9*b = 3*b + 3456. Let u = -189 - b. List the prime factors of u.
3, 11
Let n = -25 + 31. Let z(w) = -w**2 + 6*w + 4. Let x be z(n). Suppose 5*s = x*t - 244, 0 = 4*t - 4*s - 0*s - 248. List the prime factors of t.
2, 3, 11
Let l = -182 + 158. What are the prime factors of 197 + (80/l - (-3)/9)?
2, 97
Suppose -3*s = -5*w - 15385, 2*s - 4*w - 5905 = 4355. What are the prime factors of s?
2, 5
Suppose -3*q + 3476 = 4*f, 5*q - 5832 = 9*f - 6*f. Let k = 2006 - q. What are the prime factors of k?
2, 421
Let l = 18680 - -614. What are the prime factors of l?
2, 11, 877
Let y(x) = -87*x - 53. Let d be y(-17). Let u = -973 + d. Suppose -f + 4*z = -219, -3*z + u = 2*f - 8